104.
13
Suppose 9 = 3*s + 42. Let y = s - -5. Let d be 44/(y/(-4) - 1). Calculate the highest common factor of d and 11.
11
Let n = -40 - -166. Suppose 5*q - 2*z = n, -z - 3 = -0*z. Let u = 48 - 32. What is the greatest common factor of u and q?
8
Suppose 6*i = 5*i + 87. Suppose -5*p + 2*m + i = 0, 5*p - 2*m - 84 = -3*m. Suppose 6*g = 9*g - 51. What is the highest common factor of p and g?
17
Let k be ((-14)/8)/(260/(-64) - -4). Let t(a) = a**3 - 5*a**2 + a - 4. Let s be t(8). Calculate the greatest common factor of k and s.
28
Suppose 0 = -o + 77 + 43. Let l = -10 - -13. Let i be (5/2)/(l/36). Calculate the highest common factor of o and i.
30
Let y = -76 - -79. Suppose 130 = 5*m + l, y*l = 2*m + m - 96. What is the highest common divisor of 18 and m?
9
Let a be (-5)/((-5)/(-2))*-66. Suppose 0*s + a = -3*s. Let t be (-55)/s + (-3)/(-4). Calculate the highest common divisor of t and 5.
1
Suppose -w - 42 = w. Let h = w + 23. Suppose 0 = h*y - 6 - 8. What is the highest common factor of 63 and y?
7
Let s be (-40)/60*(-33)/(-4)*-2. Calculate the greatest common factor of 88 and s.
11
Let w(r) = 2*r + 14. Let p be w(-6). Suppose -p = -5*m - a + 88, 4*m - 2*a = 58. What is the highest common divisor of 34 and m?
17
Suppose -12*u = 3*g + 2*g - 16, 4*u - 3*g = 24. What is the highest common factor of u and 7?
1
Let f = -141 - -51. Suppose 0*q = q - 2*r + 32, -172 = 5*q + 2*r. Let d = q - f. What is the highest common factor of 7 and d?
7
Suppose -19*d + 14 = -18*d. Let o be (-2)/(-2) + -1 + 7. Calculate the greatest common divisor of o and d.
7
Let m(k) = 2*k + 26. Let w be m(-12). Suppose -w*z = 2*z - 80. Calculate the greatest common factor of z and 50.
10
Suppose -36*g - 102*g = -8970. Let l = 77 + -51. Calculate the greatest common divisor of l and g.
13
Suppose 3*s - 6*s + 24 = -5*v, 16 = 2*s - 4*v. What is the greatest common factor of s and 32?
8
Let t be (3 - -3)*(-28)/(-4). Calculate the greatest common divisor of t and 84.
42
Suppose -3*p + 4*z = -5*p - 12, 5*p = z + 25. Let s be p/(-10) - 308/(-20). What is the greatest common factor of s and 15?
15
Let g(l) = -l**3 - 2*l**2 - l - 6. Let t be g(-6). Let i(o) = 4*o**2 + o + 2. Let a = -11 - -9. Let k be i(a). What is the greatest common factor of k and t?
16
Let j(k) = 12*k - 32. Let a be j(7). What is the greatest common factor of a and 13?
13
Let z be (8/10)/(1/15). Suppose 3*v - 21 = -c, 5*v + 5*c = -0*v + 25. Calculate the greatest common factor of v and z.
4
Let l = 6 + -5. Suppose 2*t = 2*x - l - 77, 3*x + 2*t = 132. Suppose 28 = -0*s + 2*s. What is the greatest common divisor of s and x?
14
Suppose -1352 = -3*j - 200. What is the highest common factor of 48 and j?
48
Let h be (0 - (-10)/(-6))*-1308. Let v be h/26 - (-14)/91. Calculate the highest common factor of 21 and v.
21
Let m be (-202)/(-4) - (-285)/(-190). Calculate the greatest common divisor of 21 and m.
7
Suppose 12*s - 9*s = 174. Calculate the greatest common divisor of s and 2.
2
Suppose 3*r - 3 = -2*s + 3, 0 = -2*s. Let a be (r + -3)/(8/(-184)). Suppose 4*c - 49 = -3*b, b + c = -2*c + a. Calculate the highest common divisor of b and 88.
11
Suppose -233*l + 3696 = -225*l. Calculate the greatest common divisor of 84 and l.
42
Suppose 0 = -2*i + 6*i - 224. Let l = 95 + -67. Suppose 5*q = -r + 18, 2 = 5*r - 5*q - l. What is the greatest common factor of i and r?
8
Let a be 3 - (0 + -3 + -51). What is the greatest common factor of a and 114?
57
Suppose -8*s - 4 = -7*s, 502 = 5*l - 3*s. What is the highest common factor of l and 21?
7
Let p be (1 - 1) + 0 - 9. Let y = 21 + p. Let m(g) = g**3 + 12*g**2 + 14*g + 36. Let h be m(-10). Calculate the greatest common factor of h and y.
12
Let f be (14/(-6) - (-6 + 3))*-3. Let h be -1 + f + 2/(-3)*-39. Calculate the highest common divisor of 115 and h.
23
Suppose 0 = -3*g + 2*f - 0 - 3, 2*f - 10 = -4*g. Let r = 2 + 5. What is the greatest common factor of r and g?
1
Suppose -31*k = -5*s - 29*k + 2818, 0 = -3*s - 5*k + 1666. Calculate the greatest common divisor of 1 and s.
1
Let a be 4 + 8/16*-2. Let b(v) = -v**3 + 2*v**2 + 3*v + 4. Let i be b(4). Let t be i/12 + 382/a. Calculate the greatest common divisor of t and 14.
14
Let t(d) = -d**3 - d + 24. Let v be t(0). Suppose 0 = c - p + 3*p - 258, 525 = 2*c + p. Calculate the greatest common divisor of c and v.
24
Let b(j) = j + 1. Let n be b(4). Suppose n*q - 66 = 4. Calculate the greatest common factor of 7 and q.
7
Suppose -2*t = -5*c + 13, 5*c - 7*c - 8 = -3*t. Suppose 4*a - 120 = -a. Calculate the highest common factor of t and a.
6
Let o(a) = -a**3 + 7*a**2 + 3. Let k be o(7). Let n = 6 + 13. Suppose 22 = l + 4*s, -l = 2*l - 5*s + n. What is the highest common divisor of k and l?
1
Let r be (2400/(-144))/((-30)/18). Suppose -3*k = p - 55, -4*p + 260 = 5*k - k. What is the highest common factor of r and p?
10
Let a(z) = z**2 - 12*z + 9. Let r be a(12). Let v = -120 - -246. Calculate the highest common factor of r and v.
9
Let x be (-10)/(-45) + 8862/(-27). Let y be x/(-11) - (-22)/121. Calculate the highest common divisor of 6 and y.
6
Suppose 0 = c - 95 + 32. Let f(h) = h**3 + 13*h**2 - 15*h - 8. Let b be f(-14). Let o be 16/(-12) + 134/b. What is the greatest common divisor of o and c?
21
Let g(n) = -5*n - 19. Let u be g(-8). Suppose -5*l + u = -0*w - 3*w, 0 = 3*w + 6. Calculate the highest common divisor of 12 and l.
3
Suppose -6 = -5*c + 4. Suppose 2*z + z + 5*u = 251, -z + c*u = -69. Calculate the highest common factor of 7 and z.
7
Let r be 7/(0 + 2/10). Suppose -17 + 28 = 5*w + 4*u, 19 = w - 2*u. What is the greatest common divisor of w and r?
7
Let r(g) = 5*g**2 - 8*g + 15. Let i be r(6). Let l(p) = 2*p**2 - 2*p - 4. Let h be l(3). Suppose h*v - 21 = 7*v. What is the highest common divisor of i and v?
21
Let w = -100 + 122. What is the greatest common divisor of 198 and w?
22
Suppose -2*i - 2*u + 10 - 30 = 0, -3*i - 6 = -3*u. Let x be ((-45)/i - 2)*2. Let v be 2*(-1 + 3) - (-6 + -89). Calculate the highest common factor of x and v.
11
Let w(d) = -13*d - 90. Let k be w(-7). Calculate the greatest common divisor of 25 and k.
1
Let y be ((-13)/26)/(1/(-52)). Calculate the greatest common divisor of y and 117.
13
Let l = 449 + -55. Suppose n = 5*i - 900, -506 = -5*i + 2*n + l. Calculate the highest common divisor of 36 and i.
36
Suppose -5*t - r = -5612, -3*t + 4*t - 1116 = 3*r. Calculate the highest common factor of t and 102.
102
Suppose 0 = 22*v + 1033 - 8513. What is the greatest common factor of v and 35?
5
Suppose 236 - 96 = 4*a. Suppose a = 11*q - 75. Let u(t) = 5*t**2 - t + 1. Let r be u(1). Calculate the greatest common factor of r and q.
5
Let w(n) = 2*n + 56. Let r be w(4). What is the highest common divisor of r and 68?
4
Suppose 19*q = 17*q + 4*h + 754, 0 = -5*q - 3*h + 1833. Calculate the greatest common factor of 41 and q.
41
Let u be (18/15)/((-18)/(-60)). Suppose -u*r - 20 = -6*r. What is the highest common divisor of r and 20?
10
Let q be 0 - 1/(1/(-2)). Let j be (-3)/(q + 14/(-4)). Let h be j/(-2) + (-40)/(-2). What is the greatest common divisor of h and 190?
19
Let c be (63 - 28)*(-8)/(-10). Calculate the highest common factor of c and 602.
14
Suppose 5*t + 42 = g - 83, -5*t + 115 = g. Calculate the greatest common divisor of 12 and g.
12
Let h be 85 + (30/18)/1*-3. Let w(b) = 3*b + 4. Let d be 9/2 + (-2)/4. Let a be w(d). Calculate the highest common factor of a and h.
16
Let g be 4*(3/(-1))/(-6). Suppose -7*v + g*v - 15 = 0. Let a be -2 + -3 - v - -200. What is the greatest common divisor of 33 and a?
33
Let o(a) = 11*a**3 - 3 - 5*a**2 + a**3 - 10*a**3 + 5*a. Let l be o(4). Calculate the highest common factor of l and 13.
13
Let q be -4 + -2 + (-20)/(-2*2). Let m = q + 3. Calculate the highest common factor of 3 and m.
1
Suppose -3*c + 6 = -6*c, 3*k = -c + 208. Let l = k - 48. Calculate the highest common divisor of l and 242.
22
Suppose -26*a = -2465 + 203. Calculate the greatest common factor of a and 493.
29
Suppose 2*x + 3*x + 50 = 0. Let o = x - -15. Suppose o*p - p = -y + 79, 5*p = -5*y + 110. What is the greatest common divisor of 152 and p?
19
Suppose -4*a - 8 = -4. Let q(w) = -75*w**3 + 2*w**2 + 2*w + 1. Let u be q(a). Let m be (19/3)/(2/6). What is the greatest common factor of u and m?
19
L